 182.
107
Let v = 6240 + -6183. What is the remainder when 397 is divided by v?
55
Let p = 80 + -80. Suppose p = -23*r + 16*r + 812. What is the remainder when r is divided by 59?
57
Calculate the remainder when (20 + -1)/((-4)/(-32)) is divided by (-2)/2*961/(-31).
28
Let f(g) be the second derivative of 11*g**5/20 + g**4/4 - g**3/3 + g**2 - 288*g. Calculate the remainder when 52 is divided by f(1).
10
Let u = -195 + 237. Calculate the remainder when 36 is divided by (-6)/(-3) - u*(-3)/6.
13
What is the remainder when 72 is divided by 35 + (0 - 9) - 9?
4
Suppose -5*p + 3899 = 2839. Calculate the remainder when p is divided by 8.
4
Let k(d) = -8*d + 60. Let n(z) = -4*z**2 - 10*z - 5. Let y be n(-4). What is the remainder when k(y) is divided by 42?
40
Let r be 22 + -4 + -7 + 0. What is the remainder when 19 is divided by r - (-32)/(-8) - (2 + 1)?
3
Suppose 4*u + 11*r - 260 = 16*r, -4*u = -4*r - 260. What is the remainder when u is divided by 8?
1
Suppose 4*u - 448 = -36. Suppose 83*f = -490*f + 12033. What is the remainder when u is divided by f?
19
Let n(y) = 46*y + 121. Calculate the remainder when n(6) is divided by 138.
121
Suppose -3*r + 5*n - 4*n = 215, -r - 69 = -3*n. Let w = r - -110. Calculate the remainder when 340 is divided by w.
36
Suppose 14*n - 3597 = 2333 + 2442. What is the remainder when n is divided by 31?
9
Let w(g) = -18*g**3 - 21*g**2 - 60*g + 48. What is the remainder when 2211 is divided by w(-4)?
3
Let t(v) = -2*v**2 + 27*v. Let u be t(13). Suppose -2*f + u = -13. Suppose -f = -d + 9. Calculate the remainder when d is divided by 6.
4
Let q(l) be the third derivative of l**4/12 + 43*l**3/6 - 2*l**2 - 7*l. Let f be (-47)/3 - (-4)/6. What is the remainder when 127 is divided by q(f)?
10
Let c = -240 + 340. Calculate the remainder when (825/c)/(15/12 + -1) is divided by 9.
6
Suppose -1292*z - 3956 = -1296*z. What is the remainder when z is divided by 30?
29
Let d(h) = 7*h - 29. Let j(y) = 12*y - 58. Let z(s) = -11*d(s) + 6*j(s). What is the remainder when 55 is divided by z(-9)?
7
Let i(c) = 18*c**2 + 45*c - 36. Let u be i(9). Suppose -6*z + 3195 + u = 0. Calculate the remainder when z is divided by 70.
67
Let l = -39 + 234. Let h = -178 + l. What is the remainder when 59 is divided by h?
8
Suppose -33*k - 55*k = -28*k - 4440. What is the remainder when 947 is divided by k?
59
Let h(i) = i**2 - 5*i + 3. Let c(x) = 11*x + 219. Let t be c(-20). Calculate the remainder when (-1 - t)/(17 - 13) + 135 is divided by h(7).
16
Let v(f) = f**3 + f**2 - 2*f. Let i be v(-2). Suppose i = 2*p + p + q - 72, -p = -q - 28. Calculate the remainder when (-65)/52 - (-1172)/16 is divided by p.
22
Suppose -19*j + 14*j = -70. Suppose 16*n - j*n = 36. Calculate the remainder when 840/n - (-2)/6 is divided by 16.
15
Let k = -811 + 1036. Calculate the remainder when k is divided by 43.
10
Suppose 795 = -38*a + 6685. Calculate the remainder when a is divided by 110.
45
Let q = 4827 + -3872. Calculate the remainder when q is divided by 29.
27
Let t(k) = 14*k**3 - k**2. Let a be t(1). Let z be 40*2 + (15 - a). Suppose -z = -2*b + 18. What is the remainder when b is divided by 13?
11
Let t(j) = -791*j - 130. What is the remainder when t(-6) is divided by 30?
26
Suppose 3*k - 135470 = -16*k. Calculate the remainder when ((-6)/10)/((-69)/k) is divided by 57.
5
Suppose -195 - 5256 = -79*d. Calculate the remainder when 146 is divided by d.
8
Let p = 3426 - 3412. Calculate the remainder when 150 is divided by p.
10
What is the remainder when 1348 is divided by (150/(-20))/(-5)*(-150)/(-9)?
23
Suppose 36*p + 4112 = 70*p - 32*p. What is the remainder when p is divided by 98?
96
Let x = 6406 + -6190. Calculate the remainder when x is divided by 83.
50
Let x(y) = -101*y - 9. Let p be x(-2). Let w = -170 + p. Let q = -98 + 141. Calculate the remainder when q is divided by w.
20
Suppose -2*q + 1935 = n, 23*q - 5*n + 3885 = 27*q. Calculate the remainder when q is divided by 274.
143
Let r(a) be the second derivative of -3*a**5/20 + a**4/4 + a**3/2 + a**2/2 - 7*a + 6. What is the remainder when 16 is divided by r(-1)?
0
Let q(d) = -26*d + 268. Let s(y) = -y - 2. Let l be s(-10). Calculate the remainder when q(l) is divided by 30.
0
Let b = -25 - -223. Suppose 4*h - 4*z = 258 - 66, -b = -4*h + z. Let w(g) = -g - 6. What is the remainder when h is divided by w(-19)?
11
Let j = -28 + 220. Suppose 2*h + j = 18*h. Calculate the remainder when 31 is divided by h.
7
Let i(w) = -w**2 - 2*w + 188. Let t be i(0). Suppose -59*g + t = -57*g. Let j = g - 70. Calculate the remainder when 46 is divided by j.
22
Let f(l) = -3*l**2 + 13*l + 8. Suppose 13*m - 1243 = -632. What is the remainder when m is divided by f(4)?
11
Let d(u) = u**2 + u + 1. Calculate the remainder when (933/(-1244))/(3/(-76)) is divided by d(-4).
6
Let y(v) = -20*v + 1908. Calculate the remainder when y(77) is divided by 18.
8
What is the remainder when 9148 is divided by 63 - 132/(-16 + 5)?
73
Suppose v - 485 = -3*p + 395, -5*p = -v + 912. What is the remainder when v is divided by 16?
12
Suppose -21*u = -24*u - 4*n + 2637, u + 5*n - 868 = 0. Calculate the remainder when u is divided by 32.
19
Let b = 142 + -67. Suppose 133*n - 435 = 4771 + 1710. Calculate the remainder when b is divided by n.
23
Let o = -2336 - -2487. What is the remainder when o is divided by 39?
34
Let b = -8 + 12. Let g(w) = w**3 - 2*w**2 - 3. What is the remainder when 13/(-52)*-10*(-4558)/(-215) is divided by g(b)?
24
Let w be -4 + -33*(-2)/6. Suppose 9 = -w*x - 5. Let v = x + 29. What is the remainder when v is divided by 5?
2
What is the remainder when 232*(-2)/4*(-10)/5 is divided by 13?
11
Let r(v) = 2*v**2 - 80*v - 140. Let m be r(42). Suppose -a + m = l, -2*a - 7*l + 11*l = -50. What is the remainder when 67 is divided by a?
13
Let r(g) = -40*g + 360. Let p be r(9). Suppose p = a - 1 - 28. Calculate the remainder when 128 is divided by a.
12
Suppose 2*h + 6*u = 3*u + 449, 3*u = 3*h - 681. Let w(a) = -3*a**2 - 20*a + 64. What is the remainder when h is divided by w(-7)?
55
Suppose 99*o - 2161 - 257 = 6*o. Let d(h) = -5*h**3 - 3*h**2 + 3*h - 5. Calculate the remainder when d(-4) is divided by o.
21
Let i(v) = 283*v - 1006. Calculate the remainder when i(12) is divided by 63.
59
Suppose 2*d = 3*p - 31 + 135, 2*p - 8 = 0. Let o = d + -51. Suppose o*g - 145 = 415. What is the remainder when g is divided by 9?
8
Suppose -4*l = 4*j - 1774 - 1662, 2*l + 5*j = 1703. Calculate the remainder when l is divided by 35.
24
Suppose 18125*m = 18463*m - 15548. Let b = 88 - 57. Calculate the remainder when m is divided by b.
15
Let z = -65 - -68. Let b be 2/(-3)*(z - (4 + 95)). Let y = b - -59. What is the remainder when y is divided by 18?
15
Let r = -27686 + 37065. Calculate the remainder when r is divided by 10.
9
Let w be 5/2 - 21/14. Suppose j + z = -3*j - 72, j + w = 4*z. Let k = -4 - j. What is the remainder when k is divided by 5?
3
Suppose -1705 = -2*y + 75. Suppose -54*k + y = -49*k. What is the remainder when k is divided by 36?
34
Suppose 1374*h - 1317*h = 1938. What is the remainder when 1457 is divided by h?
29
Suppose 0 = -4*b - 3*z + 6409, -4*b - 78*z = -73*z - 6407. What is the remainder when b is divided by 90?
73
Suppose -84*b = -80*b - 20, -10 = -5*i + b. Suppose -271 = -l - 2*c, -4*c = 5*l - i*c - 1346. What is the remainder when l is divided by 13?
9
Let r(v) = 6*v**3 + 8*v**2 + 3*v - 13. Let m be r(9). Suppose -21*h + 4519 + m = 0. What is the remainder when h is divided by 12?
11
Suppose 0 = 6*b + b - 329. Suppose -4*u = 5*k - b, 8*k - 10*k + 4*u + 2 = 0. Calculate the remainder when 41 is divided by k.
6
Suppose -5*u - 22 - 80 = -3*l, 0 = -4*l + u + 119. Let d = 95 - l. What is the remainder when 196 is divided by d?
64
Let a(w) = 4*w**2 - 26*w + 33. Let i be (9 + -12)/(2/(-22)). Suppose -v = -2*d + 51 + i, -4*v + 192 = 4*d. Calculate the remainder when a(10) is divided by d.
41
Suppose -38*p = 1968 - 203710. Calculate the remainder when p is divided by 30.
29
Suppose 8*l - 3*l = 4*g - 32, -4 = -l. Suppose -7 + g = 6*z. What is the remainder when 89 is divided by (z - -16) + -3 - (-1 + 0)?
14
Suppose -6*a + a - 10 = 0, 3*a = 2*i + 54840. Calculate the remainder when i/(-110) - (-6)/(-20) is divided by 18.
15
Let x = -7